{"id":81,"date":"2020-02-03T10:47:48","date_gmt":"2020-02-03T10:47:48","guid":{"rendered":"http:\/\/192.168.1.111\/?page_id=81"},"modified":"2025-03-28T10:46:58","modified_gmt":"2025-03-28T10:46:58","slug":"fotografia-de-producto","status":"publish","type":"page","link":"https:\/\/adriansediles.es\/?page_id=81","title":{"rendered":"FOTOGRAF\u00cdA DE PRODUCTO"},"content":{"rendered":"\t\t<div data-elementor-type=\"wp-page\" data-elementor-id=\"81\" class=\"elementor elementor-81\">\n\t\t\t\t\t\t<section class=\"elementor-section elementor-top-section elementor-element elementor-element-cf03de9 elementor-section-full_width elementor-section-height-default elementor-section-height-default\" data-id=\"cf03de9\" data-element_type=\"section\" data-e-type=\"section\">\n\t\t\t\t\t\t<div class=\"elementor-container elementor-column-gap-default\">\n\t\t\t\t\t<div class=\"elementor-column elementor-col-50 elementor-top-column elementor-element elementor-element-56d9150\" data-id=\"56d9150\" data-element_type=\"column\" data-e-type=\"column\">\n\t\t\t<div class=\"elementor-widget-wrap elementor-element-populated\">\n\t\t\t\t\t\t<div class=\"elementor-element elementor-element-c04ccd1 elementor-widget elementor-widget-image\" data-id=\"c04ccd1\" data-element_type=\"widget\" data-e-type=\"widget\" data-widget_type=\"image.default\">\n\t\t\t\t<div class=\"elementor-widget-container\">\n\t\t\t\t\t\t\t\t\t\t\t\t<figure class=\"wp-caption\">\n\t\t\t\t\t\t\t\t\t\t\t<a href=\"https:\/\/adriansediles.es\/?page_id=790\">\n\t\t\t\t\t\t\t<img fetchpriority=\"high\" decoding=\"async\" width=\"300\" height=\"200\" src=\"https:\/\/adriansediles.es\/wp-content\/uploads\/2020\/06\/Productos-de-aromatizaci\u00f3n-e-higiene-AMBIDOURS-1-300x200.jpg\" class=\"attachment-medium size-medium wp-image-792\" alt=\"\" srcset=\"https:\/\/adriansediles.es\/wp-content\/uploads\/2020\/06\/Productos-de-aromatizaci\u00f3n-e-higiene-AMBIDOURS-1-300x200.jpg 300w, https:\/\/adriansediles.es\/wp-content\/uploads\/2020\/06\/Productos-de-aromatizaci\u00f3n-e-higiene-AMBIDOURS-1-768x512.jpg 768w, https:\/\/adriansediles.es\/wp-content\/uploads\/2020\/06\/Productos-de-aromatizaci\u00f3n-e-higiene-AMBIDOURS-1-666x444.jpg 666w, https:\/\/adriansediles.es\/wp-content\/uploads\/2020\/06\/Productos-de-aromatizaci\u00f3n-e-higiene-AMBIDOURS-1.jpg 1024w\" sizes=\"(max-width: 300px) 100vw, 300px\" \/>\t\t\t\t\t\t\t\t<\/a>\n\t\t\t\t\t\t\t\t\t\t\t<figcaption class=\"widget-image-caption wp-caption-text\">Cat\u00e1logo AMBIDOURS 2020<\/figcaption>\n\t\t\t\t\t\t\t\t\t\t<\/figure>\n\t\t\t\t\t\t\t\t\t<\/div>\n\t\t\t\t<\/div>\n\t\t\t\t<div class=\"elementor-element elementor-element-2da33c7 elementor-widget elementor-widget-image\" data-id=\"2da33c7\" data-element_type=\"widget\" data-e-type=\"widget\" data-widget_type=\"image.default\">\n\t\t\t\t<div class=\"elementor-widget-container\">\n\t\t\t\t\t\t\t\t\t\t\t\t<figure class=\"wp-caption\">\n\t\t\t\t\t\t\t\t\t\t\t<a href=\"https:\/\/adriansediles.es\/?page_id=510\">\n\t\t\t\t\t\t\t<img decoding=\"async\" width=\"300\" height=\"241\" src=\"https:\/\/adriansediles.es\/wp-content\/uploads\/2020\/04\/Ambidours-3-Adrian-Sediles-Embi-300x241.jpg\" class=\"attachment-medium size-medium wp-image-507\" alt=\"Productos de limpieza e higiene AMBIDOURS Adrian Sediles Emb\" srcset=\"https:\/\/adriansediles.es\/wp-content\/uploads\/2020\/04\/Ambidours-3-Adrian-Sediles-Embi-300x241.jpg 300w, https:\/\/adriansediles.es\/wp-content\/uploads\/2020\/04\/Ambidours-3-Adrian-Sediles-Embi-768x617.jpg 768w, https:\/\/adriansediles.es\/wp-content\/uploads\/2020\/04\/Ambidours-3-Adrian-Sediles-Embi.jpg 1024w\" sizes=\"(max-width: 300px) 100vw, 300px\" \/>\t\t\t\t\t\t\t\t<\/a>\n\t\t\t\t\t\t\t\t\t\t\t<figcaption class=\"widget-image-caption wp-caption-text\">Productos de limpieza, higiene y aromatizaci\u00f3n AMBIDOURS<\/figcaption>\n\t\t\t\t\t\t\t\t\t\t<\/figure>\n\t\t\t\t\t\t\t\t\t<\/div>\n\t\t\t\t<\/div>\n\t\t\t\t\t<\/div>\n\t\t<\/div>\n\t\t\t\t<div class=\"elementor-column elementor-col-50 elementor-top-column elementor-element elementor-element-430cd5b\" data-id=\"430cd5b\" data-element_type=\"column\" data-e-type=\"column\">\n\t\t\t<div class=\"elementor-widget-wrap elementor-element-populated\">\n\t\t\t\t\t\t<div class=\"elementor-element elementor-element-276c879 elementor-widget elementor-widget-image\" data-id=\"276c879\" data-element_type=\"widget\" data-e-type=\"widget\" data-widget_type=\"image.default\">\n\t\t\t\t<div class=\"elementor-widget-container\">\n\t\t\t\t\t\t\t\t\t\t\t\t<figure class=\"wp-caption\">\n\t\t\t\t\t\t\t\t\t\t\t<a href=\"https:\/\/adriansediles.es\/?page_id=532\">\n\t\t\t\t\t\t\t<img decoding=\"async\" width=\"680\" height=\"415\" src=\"https:\/\/adriansediles.es\/wp-content\/uploads\/2020\/04\/Nakoa-2-Adrian-Sediles-Embi.jpg\" class=\"attachment-medium_large size-medium_large wp-image-508\" alt=\"\" srcset=\"https:\/\/adriansediles.es\/wp-content\/uploads\/2020\/04\/Nakoa-2-Adrian-Sediles-Embi.jpg 680w, https:\/\/adriansediles.es\/wp-content\/uploads\/2020\/04\/Nakoa-2-Adrian-Sediles-Embi-300x183.jpg 300w\" sizes=\"(max-width: 680px) 100vw, 680px\" \/>\t\t\t\t\t\t\t\t<\/a>\n\t\t\t\t\t\t\t\t\t\t\t<figcaption class=\"widget-image-caption wp-caption-text\">Chocolates y productos t\u00edpicos de Arag\u00f3n, frutas de Arag\u00f3n NAKOA<\/figcaption>\n\t\t\t\t\t\t\t\t\t\t<\/figure>\n\t\t\t\t\t\t\t\t\t<\/div>\n\t\t\t\t<\/div>\n\t\t\t\t\t<\/div>\n\t\t<\/div>\n\t\t\t\t\t<\/div>\n\t\t<\/section>\n\t\t\t\t<section class=\"elementor-section elementor-top-section elementor-element elementor-element-b55f667 elementor-section-boxed elementor-section-height-default elementor-section-height-default\" data-id=\"b55f667\" data-element_type=\"section\" data-e-type=\"section\">\n\t\t\t\t\t\t<div class=\"elementor-container elementor-column-gap-default\">\n\t\t\t\t\t<div class=\"elementor-column elementor-col-100 elementor-top-column elementor-element elementor-element-3dcc7ec\" data-id=\"3dcc7ec\" data-element_type=\"column\" data-e-type=\"column\">\n\t\t\t<div class=\"elementor-widget-wrap\">\n\t\t\t\t\t\t\t<\/div>\n\t\t<\/div>\n\t\t\t\t\t<\/div>\n\t\t<\/section>\n\t\t\t\t<\/div>\n\t\t","protected":false},"excerpt":{"rendered":"<p>Cat\u00e1logo AMBIDOURS 2020 Productos de limpieza, higiene y aromatizaci\u00f3n AMBIDOURS Chocolates y productos t\u00edpicos de Arag\u00f3n, frutas de Arag\u00f3n NAKOA<\/p>\n","protected":false},"author":1,"featured_media":0,"parent":0,"menu_order":0,"comment_status":"closed","ping_status":"closed","template":"","meta":{"footnotes":""},"class_list":["post-81","page","type-page","status-publish","hentry"],"_links":{"self":[{"href":"https:\/\/adriansediles.es\/index.php?rest_route=\/wp\/v2\/pages\/81","targetHints":{"allow":["GET"]}}],"collection":[{"href":"https:\/\/adriansediles.es\/index.php?rest_route=\/wp\/v2\/pages"}],"about":[{"href":"https:\/\/adriansediles.es\/index.php?rest_route=\/wp\/v2\/types\/page"}],"author":[{"embeddable":true,"href":"https:\/\/adriansediles.es\/index.php?rest_route=\/wp\/v2\/users\/1"}],"replies":[{"embeddable":true,"href":"https:\/\/adriansediles.es\/index.php?rest_route=%2Fwp%2Fv2%2Fcomments&post=81"}],"version-history":[{"count":15,"href":"https:\/\/adriansediles.es\/index.php?rest_route=\/wp\/v2\/pages\/81\/revisions"}],"predecessor-version":[{"id":1687,"href":"https:\/\/adriansediles.es\/index.php?rest_route=\/wp\/v2\/pages\/81\/revisions\/1687"}],"wp:attachment":[{"href":"https:\/\/adriansediles.es\/index.php?rest_route=%2Fwp%2Fv2%2Fmedia&parent=81"}],"curies":[{"name":"wp","href":"https:\/\/api.w.org\/{rel}","templated":true}]}}